*2 + 18*w + 42. Let i be g(20). Let t(u) = 2*u**3 - 2*u**2 + 8*u + 11*u - 20*u + 0*u**2. Give t(i).
6
Let s(y) = 2*y**3 - y**2 - 8*y + 3. Let d(w) = -5*w**3 + 2*w**2 + 22*w - 8. Let t be (-8)/32 + (-13)/(-4). Let o(j) = t*d(j) + 8*s(j). Give o(2).
4
Let t be (-9)/(-3) + (-2)/(-1). Let w(s) = -11*s - s + s + t*s. Suppose -10*y = -12*y + 2. Give w(y).
-6
Let k(g) = -2616*g + 1 + 871*g + 877*g + 870*g. What is k(8)?
17
Let s = 44 - 44. Suppose s = -5*x - 35 + 25. Let g(r) be the third derivative of r**6/60 + r**5/20 + r**4/12 + r**3/2 + 6*r**2. What is g(x)?
-5
Suppose -54 - 3 = -54*p - 3. Let a(b) = 37*b + 1. Determine a(p).
38
Let m(g) = -g**3 - g**2 - g. Let n be m(-2). Suppose 4*q - q = n. Let o(c) be the second derivative of -c**3/3 + 3*c**2/2 + 13*c. What is o(q)?
-1
Let n(s) = -s**3 + s**2 + s - 1. Let d be n(-1). Let p(w) = -13 + 56*w - 50*w + d*w**2 + w**2. Calculate p(-7).
-6
Let m(a) = 17*a**3 - 1. Let y be -2 - 26/(-3) - (-20)/(-12). Suppose 4*s + 13 = 5*b, 3*s = 2*b + y*s + 2. Calculate m(b).
16
Let d(l) = -2*l**2 + 16*l. Let c(x) = 4*x**3 + 7*x**2 - 47*x + 1. Let n(g) = -c(g) - 3*d(g). Suppose 0 = -10*w + 8*w - 2. Give n(w).
3
Let c(s) = 34*s + 13 + 262*s**3 - 8*s - 19 + 11 - 261*s**3 + 13*s**2. Give c(-11).
-39
Let y(j) = 3*j**3 - 2*j**2 + 5*j**2 + 310 - 308 - 2*j**3 + 2*j. Determine y(-5).
-58
Let s = -35611 + 35613. Let m(f) = 3*f**3 - f**2 + 3*f - 8. Give m(s).
18
Let y(d) = -52 + 18 - 44 - 9*d - 18. Let h be y(-12). Let f(r) = -r**3 + 13*r**2 - 13*r + 13. Calculate f(h).
1
Let f be (3136/76)/7 + 6/57. Let q(r) be the first derivative of -3*r**2/2 + 5*r - 98. What is q(f)?
-13
Let y(z) = 73 - 18 - 22 - 19 + 6*z. Let s(v) = -7*v - 16. Let f(o) = -5*s(o) - 6*y(o). What is f(4)?
-8
Suppose -4*a + 14 = -2. Let m(z) = -3*z + 4*z + 2*z**2 + 0*z**2 - a*z**2. Suppose 3*n = -0 + 3. Calculate m(n).
-1
Suppose 5*s - 5 = -5*n, -5*s + 2*n - 2 = -14. Let a(d) = -4*d**2 + 5. Let c(k) = -5*k**2 - k + 7. Let j(w) = 4*a(w) - 3*c(w). Determine j(s).
1
Let k(q) = 18*q**3 - 533*q**2 - 35*q + 645. Let h(x) = -x**3 + 31*x**2 + 2*x - 38. Let u(f) = -35*h(f) - 2*k(f). Determine u(-19).
40
Let b(m) = -m**2 + 13*m - 13. Let y = 28 + -36. Let g be (y/(-3))/((-4)/(-18)). What is b(g)?
-1
Let g(f) = 6*f + 16. Let y be g(-4). Let p be y - (4 - (-1)/(5/(-10))). Let b(h) = -h**2 - 10*h - 1. Determine b(p).
-1
Let z(j) = 7*j**3 + j**2 + 3*j + 3. Let o(i) = -i**3 - i**2. Let n(f) = -6*o(f) - z(f). Determine n(3).
6
Let l(a) be the second derivative of 101*a - 3*a**2 - 7/6*a**3 - 1/20*a**5 + 0 - 7/12*a**4. Give l(-4).
-26
Let l(c) = c**3 + 2*c**2 + c + 1. Let i be l(-1). Let t(w) = -13*w - 5. Let f(d) = 12*d + 6. Let b(k) = -f(k) - t(k). Give b(i).
0
Let m(p) = p**3 - p + 1. Let y(g) = 3*g**3 - g**2 - 5*g + 4. Let l(b) = -2*m(b) + y(b). Suppose 4*n - 22 = -14. What is l(n)?
0
Let g be -5 - (-17)/((-68)/(-80)). Let i(a) = g*a + 0*a - 9*a - 4*a - 8. Give i(8).
8
Let u be 7/(-14)*2*-1 + 5892/491. Let p(o) = -1 - 14*o + 7 + 3 + o**2. Determine p(u).
-4
Let u(j) be the first derivative of -9*j - 1/2*j**2 - 7/3*j**3 - 1/4*j**4 + 76. Determine u(-7).
-2
Let t(v) = -8*v**2 + 27*v - 2. Let s(o) = -11*o**2 + 41*o - 6. Let n(j) = 5*s(j) - 7*t(j). Give n(-17).
1
Let t(b) = -5*b + 10. Let l(i) = -4*i + 9. Let g(d) = -3*l(d) + 2*t(d). Let p = 1884 + -1878. Determine g(p).
5
Let j be (-3)/2*(1 + -3). Let h(p) = -5*p - 6. Let y(x) = -4*x - 6. Let a(f) = j*h(f) - 4*y(f). Let z be (-2*(-2)/(-16))/(669/10704). Give a(z).
2
Let f(j) = j**3 + 2*j**2 - 10*j + 9. Let i be -8 + (8 - 13) + 8. What is f(i)?
-16
Suppose 196*r - 35*r + 191*r - 4224 = 0. Let z(v) = -9*v - 30. What is z(r)?
-138
Let j(d) = 391*d + 2734. Let i be j(-7). Let n(l) be the first derivative of 3*l**2/2 + 3*l - 2. Calculate n(i).
-6
Let s(a) be the second derivative of -a**7/840 + a**6/72 + a**5/30 - a**4/3 + 151*a**3/6 + 45*a. Let h(v) be the second derivative of s(v). Give h(6).
-20
Let m(i) be the second derivative of -3/2*i**2 - 1/12*i**4 + 5/6*i**3 + 0 - 14*i. Calculate m(5).
-3
Let h(t) = 4*t + 1 - 4 + 0*t. Let u be (-2)/15 + (-62)/(-15) - 0. Suppose 0 = -b + u, 7 + 1 = -5*l - 3*b. Determine h(l).
-19
Let n = -36425/2 + 18216. Let m(l) be the first derivative of 9*l + 8/3*l**3 + n*l**2 + 5 + 1/4*l**4. What is m(-7)?
9
Let w(j) = -15144*j**2 + 8*j + 30301*j**2 - 4 - 15158*j**2. Suppose -4*k + 19 = 2*v - k, -5*v + 34 = 3*k. Calculate w(v).
11
Let h = 911 + -911. Let r(d) = -449*d**2 + 2*d - 2 - 4*d + 448*d**2 + h*d. What is r(-5)?
-17
Suppose -3*g + 6*g = 450. Suppose 3*p + g - 153 = 0. Let s(z) = -z**3 - 2*z**2 + z. What is s(p)?
-2
Suppose -4*h = -2*d + 44, 5*d - h - 31 - 43 = 0. Suppose -7 = -3*r + b, -5*b - 24 = -20*r + 16*r. Suppose -3*j + d = -r. Let t(i) = -i + 6. What is t(j)?
1
Let o(b) = -51*b - 83. Let h(j) = 122*j + 164. Let n(s) = 4*h(s) + 10*o(s). What is n(-8)?
2
Let s(m) = 11*m - 158*m + 29 + 10*m + 136*m. What is s(-14)?
43
Suppose 3273*q - 3302*q = -87. Let a(k) = -5*k**2 + 13*k - 4. Calculate a(q).
-10
Suppose -8*k - 60 = -14*k. Let h be ((-16)/k - -2)*5. Let x(u) = -12*u + 3. What is x(h)?
-21
Let m(s) be the first derivative of -s**2/2 + 2*s - 1248. Determine m(1).
1
Let r(p) = -57*p + 0 - 10 + 171*p - 55*p - 56*p. Calculate r(3).
-1
Let z(x) = -13*x**2 - 92*x - 18. Let p be 225/(-33) + (-72)/396. Give z(p).
-11
Let v(f) = -12*f + 46489 + 46499 - 92989. Let o(h) = 5*h + 1. Let x be o(-1). Let r = -3 - x. What is v(r)?
-13
Suppose 0 = 17*y - 11*y - 126. Suppose -4*v - 5*h - 3 = -y, -3*v - 4*h = -14. Let z(s) = 7*s - s**2 - 1 - 3*s**2 - 3*s - s + 2*s**3. What is z(v)?
5
Let h(x) = x**3 - 3*x**2 - 4*x + 17. Let l be h(3). Let j(a) = a**3 - 6*a**2 - a + 10. What is j(l)?
-20
Let z(b) be the first derivative of b**4/4 - 4*b**3/3 + 2*b**2 + b + 151937. Let o = 5 - 1. Calculate z(o).
17
Let s(d) = 295 - 146 - 142 + 16*d - 2*d + 19*d + 18*d**2 + d**3. Calculate s(-16).
-9
Let g(q) = 4*q + 1. Let v(a) = 3*a. Let i(n) = -4*g(n) + 6*v(n). Let u(w) = 184 - 533 + 177 - 3*w + 177. Let t(c) = 6*i(c) + 5*u(c). Calculate t(-5).
16
Let b(l) be the first derivative of -19/2*l**2 - 1 + 1/6*l**3 + 0*l - 5/24*l**4. Let m(f) be the second derivative of b(f). Calculate m(1).
-4
Suppose -5*w + 0*l + 110 = 5*l, -l - 12 = -w. Let t(j) be the third derivative of j**6/120 - j**5/4 - 11*j**4/8 - 7*j**3/3 - 9842*j**2. Give t(w).
3
Let t(u) = 4*u**2 + 1. Let k be 6/(-4)*(-8)/3. Let s(z) = 3*z**2 - 2*z - 14*z + 17*z. Let i(p) = k*t(p) - 5*s(p). What is i(4)?
0
Suppose 0 = -15*n + 75 - 45. Let t(z) = 7*z**3 + z + 2*z**3 - 16*z**3 + 16 + 5*z**3 - z**n + z**3. Determine t(0).
16
Let t = 2258 - 2267. Let c(a) = -7*a**3 - 2*a**2 + 7*a - 12. Let l(m) = -6*m**3 - 3*m**2 + 7*m - 12. Let s(d) = 5*c(d) - 6*l(d). What is s(t)?
-6
Let y(a) = -11*a - 1. Let i be (-810)/99 - 4/(-22). Let u be (-2)/i*-2*104/26. Determine y(u).
21
Let u(s) be the first derivative of 10*s**3/3 - 9*s**2 + 27*s + 5493. Determine u(2).
31
Suppose -73 = 5*h - 283. Let g = -31 + h. Let w(d) = 400 - 396 + g*d**2 - 4*d**2 - d**3 - 5*d. What is w(6)?
10
Let g(i) = -8*i**2 + 17*i + 33. Suppose -3*f = 12, 36 = -5*t + t - 3*f. Let l(d) = -7*d**2 + 16*d + 28. Let q(k) = t*l(k) + 5*g(k). Give q(6).
3
Let t(c) = -c**2 + 6*c - 29. Let q(w) = w**2 - 22*w - 1396. Let h be q(50). Calculate t(h).
-21
Let k be (1 + (-46)/10)*140/(-84). Let u be (-6)/(k/48*12). Let l(d) = d**3 + 4*d**2 - d - 4. Give l(u).
0
Let r(j) = j**2 - 14*j + 41. Let s(c) = -66*c**2 + 332*c + 3. Let l be s(5). Determine r(l).
28
Let v be (-7 + (-4 - 34))/(-3). Suppose v*g = 8*g + 35. Let y(q) = -q**3 + 5*q**2 - 5*q. Determine y(g).
-25
Let w(y) = -8*y + 6. Suppose -61 = -193*b - 640. Give w(b).
30
Suppose -9*v - 1 = -10*v. Let y(o) = -2*o - 1. Let m(t) = -4*t. Let a(k) = v*m(k) - 3*y(k). Give a(-4).
-5
Suppose -2*q + 32 = 5*d, -3*q + 3*d - 5*d = -26. Let u(v) = 6 + 7*v - 16 - 3 - 3*v - 2*v. Give u(q).
-1
Let l(i) = 2 - 3 - 3*i - 2. Let p(y) = y**3 - 5*y**2 + 2*y - 7. Let r be p(5). Suppose -r*t - 9 = -0. Give l(t).
6
Let k(x) be the third derivative of x**4/24 + x**3/6 - 2*x**2 + 681*x. Determine k(-12).
-11
Let h(u) = 2*u + 3. Let m = -188 + -45. Let a = m - -233. Give h(a).
3
Let x be 3 + (-10 - (8 + -4)). Let u(d) = -6*d - 65. Give u(x).
1
Let s(y) = y**2 - 3*y - 9. Let k be 0 - (-8)/(4 + -2). What